lse
Is 985521 a multiple of 31?
True
Does 46 divide 2885295?
False
Is 126 a factor of 84577?
False
Does 24 divide 736660?
False
Is 45 a factor of 3161250?
True
Does 6 divide 451173?
False
Does 23 divide 1824843?
True
Is 843540 a multiple of 12?
True
Is 43152 a multiple of 124?
True
Is 265958 a multiple of 154?
True
Is 3536256 a multiple of 128?
True
Is 5488331 a multiple of 799?
True
Is 20 a factor of 267449?
False
Is 924 a factor of 1617924?
True
Does 86 divide 46538?
False
Does 563 divide 2016666?
True
Is 24 a factor of 4806216?
True
Is 70091 a multiple of 5?
False
Does 18 divide 286879?
False
Is 5 a factor of 34184?
False
Is 241 a factor of 363406?
False
Is 189383 a multiple of 101?
False
Is 311592 a multiple of 5?
False
Is 101 a factor of 1151080?
False
Is 383778 a multiple of 126?
False
Is 93462 a multiple of 78?
False
Is 571206 a multiple of 111?
True
Does 13 divide 34600?
False
Is 203 a factor of 1154055?
True
Is 36600 a multiple of 8?
True
Is 1315536 a multiple of 8?
True
Is 106840 a multiple of 17?
False
Does 378 divide 699117?
False
Is 77581 a multiple of 29?
False
Is 53 a factor of 2184501?
True
Is 169 a factor of 642924?
False
Does 33 divide 800132?
False
Does 69 divide 3518488?
False
Is 44 a factor of 221232?
True
Does 195 divide 20475?
True
Is 230000 a multiple of 20?
True
Is 434 a factor of 892738?
True
Does 46 divide 1491016?
False
Is 1033801 a multiple of 25?
False
Is 6144 a multiple of 12?
True
Is 7 a factor of 73558?
False
Is 24 a factor of 137739?
False
Does 5 divide 71339?
False
Is 19848780 a multiple of 90?
True
Is 713 a factor of 8166081?
False
Is 193701 a multiple of 5?
False
Does 13 divide 27443?
True
Does 236 divide 617154?
False
Is 527133 a multiple of 29?
True
Does 3 divide 39407?
False
Is 471 a factor of 1084927?
False
Is 42 a factor of 86546?
False
Is 36 a factor of 83412?
True
Is 65 a factor of 228284?
False
Does 55 divide 117295?
False
Does 709 divide 479993?
True
Is 11 a factor of 45774?
False
Does 146 divide 2255000?
False
Is 113 a factor of 99666?
True
Is 1210776 a multiple of 56?
True
Is 16 a factor of 14729136?
True
Is 2983920 a multiple of 30?
True
Is 1165365 a multiple of 11?
False
Is 4836475 a multiple of 190?
False
Is 16516170 a multiple of 1474?
True
Does 6 divide 57441?
False
Is 86 a factor of 1082660?
False
Is 16 a factor of 496979?
False
Does 206 divide 441476?
False
Does 108 divide 650781?
False
Is 424513 a multiple of 366?
False
Does 683 divide 335353?
True
Does 42 divide 1475695?
False
Is 786803 a multiple of 17?
False
Does 27 divide 27054?
True
Is 351196 a multiple of 38?
True
Is 378 a factor of 194062?
False
Does 98 divide 340528?
False
Is 723026 a multiple of 3?
False
Does 23 divide 2078717?
True
Is 1111350 a multiple of 310?
True
Is 30 a factor of 1163951?
False
Is 10577863 a multiple of 23?
False
Does 58 divide 197096?
False
Does 185 divide 182225?
True
Does 13 divide 70252?
True
Is 37624 a multiple of 24?
False
Does 41 divide 1034553?
True
Does 11 divide 687357?
True
Is 312 a factor of 672782?
False
Is 112606 a multiple of 26?
True
Is 2316761 a multiple of 209?
False
Is 125728 a multiple of 4?
True
Does 110 divide 4336860?
True
Is 433976 a multiple of 6?
False
Is 109263 a multiple of 231?
True
Is 13 a factor of 67704?
True
Is 63522 a multiple of 3?
True
Is 7 a factor of 879880?
False
Is 347254 a multiple of 268?
False
Is 1474 a multiple of 2?
True
Is 53628 a multiple of 3?
True
Does 378 divide 2268?
True
Does 146 divide 44712?
False
Is 4133864 a multiple of 15?
False
Is 17 a factor of 2165035?
True
Is 50 a factor of 3223225?
False
Does 26 divide 263250?
True
Does 684 divide 4614948?
True
Is 1357685 a multiple of 4?
False
Is 24 a factor of 381749?
False
Is 2692644 a multiple of 491?
True
Does 159 divide 130065?
False
Is 37949 a multiple of 121?
False
Is 6 a factor of 3965916?
True
Is 21 a factor of 604535?
False
Does 30 divide 216795?
False
Is 927083 a multiple of 797?
False
Is 1839138 a multiple of 7?
True
Is 44 a factor of 373266?
False
Is 489 a factor of 1786936?
False
Is 472533 a multiple of 4?
False
Is 323 a factor of 6581?
False
Is 2541947 a multiple of 2?
False
Does 185 divide 42365?
True
Is 20790122 a multiple of 81?
False
Does 11 divide 83777?
False
Is 4604260 a multiple of 372?
False
Is 30875 even?
False
Is 493 a factor of 469636?
False
Is 90 a factor of 173774?
False
Does 163 divide 293387?
False
Is 14 a factor of 1882354?
False
Does 8 divide 25600?
True
Is 225834 a multiple of 106?
False
Is 38 a factor of 2619720?
True
Is 251940 a multiple of 114?
True
Does 9 divide 127062?
True
Is 19 a factor of 398563?
True
Is 31500 a multiple of 28?
True
Is 1343780 a multiple of 1091?
False
Is 2372900 a multiple of 244?
True
Is 334 a factor of 1101866?
True
Is 921240 a multiple of 540?
True
Does 272 divide 407733?
False
Is 292245 a multiple of 14?
False
Is 4 a factor of 16803?
False
Is 191312 a multiple of 22?
True
Does 349 divide 114764?
False
Is 256 a factor of 8114176?
True
Is 108 a factor of 182736?
True
Is 13824652 a multiple of 63?
False
Is 10178305 a multiple of 11?
False
Does 47 divide 1766824?
True
Is 35 a factor of 7499?
False
Is 5 a factor of 17781?
False
Is 23 a factor of 5041331?
False
Is 248 a factor of 1577776?
True
Does 367 divide 1239731?
False
Is 176604 a multiple of 95?
False
Does 256 divide 4614144?
True
Is 12974325 a multiple of 195?
True
Does 40 divide 14913?
False
Is 226 a factor of 3832056?
True
Does 28 divide 112364?
True
Does 78 divide 1540733?
False
Does 42 divide 2388697?
False
Is 7023763 a multiple of 272?
False
Does 51 divide 31683?
False
Is 10 a factor of 18484085?
False
Is 138727 a multiple of 610?
False
Is 12 a factor of 17933?
False
Is 58 a factor of 4917646?
True
Does 28 divide 25396?
True
Does 400 divide 1772854?
False
Does 116 divide 194409?
False
Is 910412 a multiple of 96?
False
Is 202547 a multiple of 12?
False
Does 15 divide 299743?
False
Does 111 divide 1110888?
True
Is 11 a factor of 2436214?
True
Is 98487 a multiple of 31?
True
Is 166 a factor of 33828144?
True
Is 76364 a multiple of 6?
False
Is 4 a factor of 24897?
False
Is 11 a factor of 108598?
False
Is 156404 a multiple of 122?
True
Does 291 divide 604698?
True
Is 12564748 a multiple of 954?
False
Is 51 a factor of 169728?
True
Is 297560 a multiple of 78?
False
Does 13 divide 8266895?
True
Is 5634795 a multiple of 40?
False
Does 159 divide 180327?
False
Does 57 divide 19133739?
False
Does 226 divide 247401?
False
Does 24 divide 1111464?
True
Does 403 divide 8542242?
False
Is 38 a factor of 1833831?
False
Is 17 a factor of 1875049?
True
Does 697 divide 120581?
True
Is 661272 a multiple of 472?
True
Does 24 divide 140856?
True
Is 8271638 a multiple of 6?
False
Is 20062 a multiple of 10?
False
Does 30 divide 521310?
True
Does 26 divide 535834?
True
Does 5 divide 235330?
True
Is 301 a factor of 2222283?
True
Is 346104 a multiple of 36?
True
Is 863 a factor of 1864080?
True
Is 10 a factor of 5624041?
False
Does 17 divide 4624969?
True
Does 126 divide 24444?
True
Does 4 divide 53553?
False
Is 400 a factor of 1594140?
False
Does 32 divide 193024?
True
Is 104 a factor of 18231720?
True
Is 8 a factor of 17910091?
False
Is 10 a factor of 71250?
True
Is 281866 a multiple of 13?
True
Is 2652520 a multiple of 8?
True
Is 89256 a multiple of 25?
False
Is 16 a factor of 138240?
True
Does 40 divide 7627960?
True
Is 1288634 a multiple of 302?
True
Is 617 a factor of 220998?
False
Is 5 a factor of 5367655?
True
Does 114 divide 2422018?
False
Does 8 divide 640449?
False
Does 135 divide 73305?
True
Is 3661248 a multiple of 3?
True
Does 12 divide 10893594?
False
Is 545600 a multiple of 124?
True
Does 339 divide 770688?
False
Is 398333 a multiple of 169?
True
Does 11 divide 18562049?
True
Is 23 a factor of 32614?
True
Is 121 a factor of 671761?
False
Is 8216 a multiple of 4?
True
Does 11 divide 203318?
False
Is 17 a factor of 746298?
False
Is 69 a factor of 135478?
False
Is 259935 a multiple of 215?
True
Does 3 divide 12404?
False
Does 54 divide 1739385?
False
Is 1220355 a multiple of 15?
True
Is 49872 a multiple of 160?
False
Does 23 divide 565570?
True
Is 247661 a multiple of 167?
True
Does 138 divide 67561?
False
Is 833 a factor of 6935982?
False
Is 5121571 a multiple of 23?
True
Does 158 divide 1720778?
True
D